4 + 2/3*g**3 + 0 + 0*g + g**2. Give s(r).
-6
Let n(u) be the second derivative of u**5/20 - u**4/4 - 2*u**3/3 + u**2 - 69*u + 1. Determine n(3).
-10
Let g = 2 - -2. Suppose -c = 3*c - 8. Let x(q) = 3*q**2 - 5*q + 2*q**c + 3*q**2 - 7*q**2 + 5. Give x(g).
1
Let j(z) = -z. Let f(i) = 2*i + 2. Let y(a) = -f(a) - 10*j(a). Let v be y(1). Let x(w) = w**2 - 6*w - 2. Determine x(v).
-2
Let w be 11 - (3 + 7) - 2. Let s(p) = 4*p + 1. Let b(k) = 7*k + 2. Let g(o) = -3*b(o) + 5*s(o). Calculate g(w).
0
Let j(i) = 18*i. Let a be (96/(-18))/8*(-12)/(-8). Determine j(a).
-18
Let z(s) be the first derivative of 7*s**2 - 4 - 5*s**2 + 1 + 2*s. Let x be z(-2). Let k(w) = w + 7. Give k(x).
1
Let v(d) = 2*d**2 + 4*d + 1. Let b = -2 + 7. Let z(o) = -o**2 - 5*o. Let y be z(-5). Suppose -3*c = 4*k + 12, 0 = -b*c - y*c. Calculate v(k).
7
Let h(p) be the second derivative of p**4/4 - 5*p**3/6 - 2*p**2 + 40*p. What is h(5)?
46
Let d(a) = -28*a**2 - 2. Let n(y) = -13*y**2 - 1. Let h(o) = 6*d(o) - 13*n(o). Determine h(-2).
5
Suppose 3*q - q - 14 = 0. Let d = q + -1. Let i(m) be the third derivative of -m**6/120 + m**5/10 + m**4/12 - 5*m**3/6 - 5*m**2. Calculate i(d).
7
Suppose -5*b + 40 + 20 = 0. Let p(t) = t - 13. Let h(s) = 2*s - 33. Let n(a) = -h(a) + 3*p(a). Give n(b).
6
Let k(w) be the first derivative of w**4/4 + 2*w**3 + w**2 + 3*w - 1. Let g = -8 - -9. Let s be 9*g/(-6)*4. Calculate k(s).
-9
Let m(p) = -p**3 + p**2 - 5*p + 10. Let w be m(-5). Let k(a) = -184 - w - 2*a + 375. Give k(4).
-2
Let a(g) = g - 11. Let r(f) = f**2 + 40*f + 51. Let m be r(-39). Give a(m).
1
Let w = -18 + 41. Suppose 2*m - 7*d - 10 = -5*d, -5*d - w = -4*m. Let b(y) = 7*y + 26*y**2 + 0*y - 25*y**2 - m. Calculate b(-5).
-12
Let z(y) be the third derivative of -1/24*y**4 + 0*y - 14*y**2 + 0 - 1/2*y**3. Calculate z(-7).
4
Let z = -32 - -26. Let a(d) = 9*d**3 + 7*d**2 - 6*d - 7. Let t(w) = -19*w**3 - 15*w**2 + 13*w + 15. Let h(i) = z*t(i) - 13*a(i). Give h(1).
-3
Let x = 1729 - 1739. Let o(l) = 2*l**2 + 20*l + 15. Give o(x).
15
Let m(n) be the third derivative of 5/24*n**4 + 0*n - n**2 + n**3 + 0 + 1/60*n**5. Suppose 7*c = -20 - 15. Calculate m(c).
6
Let w(t) = -t**3 + 10*t**2 - 2*t - 8. Let s(r) = -4*r**3 + 42*r**2 - 8*r - 33. Let q(j) = -2*s(j) + 9*w(j). Let n = -12 - -17. Give q(n).
9
Let d(p) = -p**3 - 9*p**2 - 7. Let l(s) = s**2 + 3*s. Let k(h) = d(h) - l(h). What is k(-10)?
23
Let w(x) be the first derivative of 3 - x**3 - 1/2*x**2 - 4*x + 1/4*x**4. Determine w(3).
-7
Let c be (-1 - -3)*13/(-2). Let z be ((c + 1)/4)/(-1). Suppose -z = 2*j - 5*j. Let m(k) = 2*k**3 - k. Calculate m(j).
1
Let l = -1791 - -1790. Let i(m) = -9*m**2 + 3*m + 2. Give i(l).
-10
Let m(s) = 5*s**2 - 1. Let g be m(1). Let d(v) = v**3 - 2*v**2 - 6*v + 3. Determine d(g).
11
Let k(s) be the first derivative of s**4/24 - 5*s**3/3 - s**2/2 - 3. Let j(r) be the second derivative of k(r). Let g = -11 - -18. Give j(g).
-3
Suppose 2*m + 2 = 5*h, -27*m = -4*h - 30*m + 20. Let z(r) = -3*r**2 - r. Determine z(h).
-14
Let z(l) = l**2 - 29*l + 136. Let n be z(23). Let s(x) = 5*x**3 - 2*x**2 - x + 2. Give s(n).
-44
Let t(d) = -d**3 - d**2 - 3*d - 3. Let y = 25 + -20. Let w(l) = l**2 - 7*l + 8. Let s be w(y). Determine t(s).
7
Let p(h) be the second derivative of -1/2*h**3 + 0 - 7*h + 7/2*h**2. What is p(6)?
-11
Let u be (2 - 4)*(2 + -4). Let y = -2 + u. Let b(z) = -2*z - 6*z + 0 - y*z + 1. Give b(1).
-9
Let a(g) = 3*g**2 + 5*g - 8. Let d(m) = 8*m**2 + 14*m - 25. Let v(o) = -11*a(o) + 4*d(o). Let q(z) = z - 4*z + 4*z - 8. Let h be q(8). Determine v(h).
-12
Let x(t) = -490*t + 491*t + 10 - 2. Give x(-10).
-2
Let i be 6*((-8)/(-4))/2. Let j(c) = c**2 - 4*c - 1. What is j(i)?
11
Let d(w) = -5*w - 1. Let y(q) be the second derivative of -q**5/20 - 2*q**4/3 - q**3/3 - 7*q**2 + 8*q. Let k be y(-8). Let v be -2 + 0 + k/2. Determine d(v).
4
Let p be ((-54)/4 - -3)*-2. Let b = 45 - p. Suppose 12 = -2*j + 4*m, b = -4*j - 4*m - 0*m. Let x(u) = u - 5. What is x(j)?
-11
Suppose 25 = -3*h + t, -4*h + 6*h = 5*t - 34. Let f(b) = b + 1. Let l(r) = -r**2 - 9*r - 4. Let x(k) = 3*f(k) + l(k). Determine x(h).
-8
Let z(f) = f**2 + f - 1. Let l(s) = -4*s**2 - 82*s + 39. Let y be l(-21). Calculate z(y).
5
Let v = -14 + 7. Let x(w) = -3*w**2 + 29*w - 6. Let s(k) = -4*k**2 + 42*k - 10. Let q(j) = -5*s(j) + 7*x(j). Calculate q(v).
8
Suppose 20 = -18*s - 16. Let m(p) = -7*p - 1. What is m(s)?
13
Let u(n) be the first derivative of 3*n**2/2 - 5*n + 4. Give u(8).
19
Let a(k) = -k + 13. Let s(c) = -11. Let g(y) = 5*a(y) + 6*s(y). Calculate g(3).
-16
Let d(r) = -1 + 1 + 2*r - 3*r. Let t be d(-17). Let z = t - 23. Let l(k) = -2*k - 3. What is l(z)?
9
Let j(b) = -b**3 + 13*b**2 - 12*b - 2. Suppose -62*p = -63*p + 12. Determine j(p).
-2
Let f(z) = z - 5. Suppose -5*q = 51 - 1. Let h be 4/q + (2 - 76/10). Determine f(h).
-11
Let g(a) = 6*a - 2 + 4*a + 5*a - a - 11*a. Give g(6).
16
Let k(h) = 11*h**2 + 11*h - 8. Let j(u) = 15*u**2 + 12*u - 8. Let t(o) = -3*j(o) + 4*k(o). Suppose 2*z - 12 = -0*z. Calculate t(z).
4
Let y = 17 + -14. Suppose -j = 3*c - 9, -y*j = -4 - 5. Let u(z) = -5*z - 7 + 4*z - 4*z + z**c - 2. What is u(7)?
5
Let j = -2 + 4. Suppose -5*c + 2*d - d = -42, 3*d - 18 = -3*c. Suppose -1 = v + i + 4, j*v - c = 4*i. Let u(p) = 2*p**2 + 1. What is u(v)?
9
Let f(l) = 22*l - 70*l + 24*l + 23*l + 8. Give f(9).
-1
Let v(r) = -8*r + r - 5 + 24*r - 18*r. Let u be (-1)/((-2)/6) - 1. Suppose -2*a = -w - 8, 2*a - u*w = w. Determine v(a).
-11
Let n(x) = x**3 - 2*x**2 - 7*x + 5. Let k = 43 - 39. Calculate n(k).
9
Suppose 0 = 5*a - 86 - 44. Suppose 5*u = a - 6. Let n(z) = -z - u*z + z - z. Determine n(-1).
5
Let d(y) = -y**2 + y + 5. Suppose -3*n - 90 = -6*n. Let u be 48/n - (-2)/5. Suppose f = -u*f. Determine d(f).
5
Let y(h) = 2*h - 3. Suppose -4*d + 5*d + 7 = 0. Let t = 18 + -14. Let f = d + t. Determine y(f).
-9
Let z(x) = -16*x - 14. Let b(u) = -u - 1. Let y be 6 + 0 + -5 + -1 + -12. Let d(t) = y*b(t) + z(t). Calculate d(3).
-14
Let j(t) be the first derivative of -t**4/24 + 3*t**3/2 - 5*t**2 + 9. Let c(o) be the second derivative of j(o). Give c(8).
1
Let o(p) be the second derivative of -17*p**6/360 + p**5/120 - 2*p**3 - 9*p. Let y(f) be the second derivative of o(f). Give y(-1).
-18
Let n(a) be the third derivative of a**8/6720 + a**7/840 + a**6/360 + 2*a**4/3 + 29*a**2. Let i(m) be the second derivative of n(m). Calculate i(-2).
0
Let a(u) = -u**3 + 2*u**2 + u - 2. Let p be a(2). Suppose -t + 5 - 8 = p. Let j(n) = -85*n**2 - 2*n - 3 + 84*n**2 - 3*n. Calculate j(t).
3
Let i(y) be the first derivative of y**4/12 - 2*y**3/3 + 32*y + 43. Let z(x) be the first derivative of i(x). Give z(6).
12
Let d(x) be the first derivative of 5*x + 139*x**2 - 138*x**2 - x - 3. What is d(-4)?
-4
Let y(n) = -3 + 4 - 8*n + 1 - 6. What is y(-1)?
4
Let m(b) be the third derivative of b**5/40 + 5*b**4/12 + 2*b**3 - 20*b**2. Let k(x) be the first derivative of m(x). Give k(-7).
-11
Let z(j) = -3*j - 2. Let v(q) = 12*q + 8. Suppose -3*l - 9 = 2*u, -u + 39 = -5*u + l. Let i(b) = u*z(b) - 2*v(b). Let a be (-5 - -3) + (-1)/1. Calculate i(a).
-7
Let c(y) = 5*y**3 + y + 2. Let a(h) = 118*h - 709. Let g be a(6). Calculate c(g).
-4
Let u(m) = m + 3*m - 613287 + m**2 + 613295. What is u(-6)?
20
Suppose 5*d = -4*o + 10, -5*o + 2*d + 12 = -17. Let c(q) = -q**3 + 6*q**2 - 6*q + 4. Give c(o).
-1
Let n(o) = o**2 + 2*o - 2. Let z be n(-3). Let i(q) = q + 0*q + z - 7. Let r be (-88)/(-14) - (-26)/(-1911)*21. Calculate i(r).
0
Let h(r) = 5*r**2 + r**3 - r - 4*r**2 + 0*r**3 + 6 + r**3. Let i(a) = 2*a**3 + a**2 - a + 5. Let g(k) = 4*h(k) - 5*i(k). Calculate g(2).
-19
Let a(r) be the third derivative of r**5/20 - r**4/24 - 3*r**3/2 - 49*r**2. Let k(x) be the first derivative of a(x). What is k(-1)?
-7
Suppose -195*y + 196*y + g = 0, -3*y = -3*g + 12. Let s(j) be the first derivative of 0*j**2 + 2 + 3*j**2 - 2*j**2. Calculate s(y).
-4
Let t(u) = u - 5. Let m be (11 - 10)*(-12 + 0). Let i = m - -15. What is t(i)?
-2
Let w(m) = -8*m**2 + 2. Let i(t) = -t**3 + 2*t**2 + 40*t + 38. Let g be i(-1). Calculate w(g).
-6
Let j(q) = q**3 + 6*q**2 + 7*q + 3. Let c be ((-11)/(-6) - 11/(-66)) + -7. Calculate j(c).
-7
Let o = 722 + -725. Let t(r) = 2*r + 8. Calculate t(o).
2
Let d(f) be the first derivative of 3*f**2 + 18